{"id":99,"date":"2026-03-06T14:36:52","date_gmt":"2026-03-06T13:36:52","guid":{"rendered":"https:\/\/www.wypozyczdrona.pl\/?post_type=product&#038;p=99"},"modified":"2026-03-06T14:36:52","modified_gmt":"2026-03-06T13:36:52","slug":"dji-matrice-400","status":"publish","type":"product","link":"https:\/\/www.wypozyczdrona.pl\/?product=dji-matrice-400","title":{"rendered":"DJI Matrice 400"},"content":{"rendered":"<p><strong data-start=\"40\" data-end=\"702\">DJI Matrice 400 to zaawansowana, ci\u0119\u017csza platforma przemys\u0142owa zaprojektowana do wymagaj\u0105cych misji specjalistycznych, takich jak inspekcje, mapowanie, bezpiecze\u0144stwo czy dzia\u0142ania techniczne. Wyr\u00f3\u017cnia si\u0119 du\u017cym ud\u017awigiem, d\u0142ugim czasem lotu i mo\u017cliwo\u015bci\u0105 pracy z rozbudowanymi sensorami oraz r\u00f3\u017cnymi \u0142adunkami roboczymi. To sprz\u0119t tworzony z my\u015bl\u0105 o zadaniach, w kt\u00f3rych liczy si\u0119 niezawodno\u015b\u0107, odporno\u015b\u0107 na trudniejsze warunki i szerokie mo\u017cliwo\u015bci integracji. W por\u00f3wnaniu z l\u017cejszymi dronami konsumenckimi lub p\u00f3\u0142profesjonalnymi oferuje znacznie wi\u0119ksz\u0105 funkcjonalno\u015b\u0107 operacyjn\u0105, ale jednocze\u015bnie wymaga bardziej profesjonalnego zastosowania i zaplecza.<\/strong><\/p>\n","protected":false},"excerpt":{"rendered":"<p>DJI Matrice 400 to zaawansowana, ci\u0119\u017csza platforma przemys\u0142owa zaprojektowana do wymagaj\u0105cych misji specjalistycznych, takich jak inspekcje, mapowanie, bezpiecze\u0144stwo czy dzia\u0142ania techniczne. Wyr\u00f3\u017cnia si\u0119 du\u017cym ud\u017awigiem, d\u0142ugim czasem lotu i mo\u017cliwo\u015bci\u0105 pracy z rozbudowanymi sensorami oraz r\u00f3\u017cnymi \u0142adunkami roboczymi. To sprz\u0119t tworzony z my\u015bl\u0105 o zadaniach, w kt\u00f3rych liczy si\u0119 niezawodno\u015b\u0107, odporno\u015b\u0107 na trudniejsze warunki i [&hellip;]<\/p>\n","protected":false},"featured_media":97,"comment_status":"open","ping_status":"closed","template":"","meta":[],"product_brand":[],"product_cat":[15],"product_tag":[],"class_list":{"0":"post-99","1":"product","2":"type-product","3":"status-publish","4":"has-post-thumbnail","6":"product_cat-bez-kategorii","8":"first","9":"instock","10":"taxable","11":"shipping-taxable","12":"purchasable","13":"product-type-redq_rental"},"_links":{"self":[{"href":"https:\/\/www.wypozyczdrona.pl\/index.php?rest_route=\/wp\/v2\/product\/99","targetHints":{"allow":["GET"]}}],"collection":[{"href":"https:\/\/www.wypozyczdrona.pl\/index.php?rest_route=\/wp\/v2\/product"}],"about":[{"href":"https:\/\/www.wypozyczdrona.pl\/index.php?rest_route=\/wp\/v2\/types\/product"}],"replies":[{"embeddable":true,"href":"https:\/\/www.wypozyczdrona.pl\/index.php?rest_route=%2Fwp%2Fv2%2Fcomments&post=99"}],"wp:featuredmedia":[{"embeddable":true,"href":"https:\/\/www.wypozyczdrona.pl\/index.php?rest_route=\/wp\/v2\/media\/97"}],"wp:attachment":[{"href":"https:\/\/www.wypozyczdrona.pl\/index.php?rest_route=%2Fwp%2Fv2%2Fmedia&parent=99"}],"wp:term":[{"taxonomy":"product_brand","embeddable":true,"href":"https:\/\/www.wypozyczdrona.pl\/index.php?rest_route=%2Fwp%2Fv2%2Fproduct_brand&post=99"},{"taxonomy":"product_cat","embeddable":true,"href":"https:\/\/www.wypozyczdrona.pl\/index.php?rest_route=%2Fwp%2Fv2%2Fproduct_cat&post=99"},{"taxonomy":"product_tag","embeddable":true,"href":"https:\/\/www.wypozyczdrona.pl\/index.php?rest_route=%2Fwp%2Fv2%2Fproduct_tag&post=99"}],"curies":[{"name":"wp","href":"https:\/\/api.w.org\/{rel}","templated":true}]}}